r) = -r**2 - r + 264. What is the units digit of q(0)?
4
What is the units digit of 34/51 + (2 - (-217)/3)?
5
Suppose 3*r + 3*u = 51, -r + 10 + 4 = 2*u. Let w be ((-2)/(-4))/(2/r). Suppose -w*g + x = -24, 3*g - 28 = x - 12. What is the units digit of g?
4
Suppose 2*c + 2 + 6 = 0. What is the units digit of ((-6)/c)/((-3)/(-4))?
2
Suppose -3*s - 250 + 934 = 0. What is the units digit of s/20 + 6/(-15)?
1
Let q(d) = 6*d**2 + 17*d + 2. Let z(v) = -3*v**2 - 8*v - 1. Let j(w) = -6*q(w) - 13*z(w). What is the units digit of j(-2)?
9
Let v(r) = 5*r + 4. Let l(q) = -q**3 - q**2 + q + 4. Let j be l(0). Let b be v(j). Suppose -2*s + b = s. What is the units digit of s?
8
Let x(t) = -t - 2. Let s be x(0). Let y = 25 - s. What is the units digit of y?
7
Suppose -4*s + 6 = -3*s. What is the units digit of s?
6
Suppose -23 = -2*i + 9. Suppose 4*h = i + 8. What is the units digit of h?
6
Suppose 3*r + 4*x - 36 = -2*r, -5*r + 5*x + 45 = 0. Let a be 1/4 + (-362)/r. What is the units digit of (-8)/3*a/20?
6
What is the units digit of (-24)/8 - 5/(5/(-112))?
9
Let n = 223 + -158. What is the units digit of n?
5
What is the units digit of ((-312)/15)/((-10)/25)?
2
Let y(r) = -r**2 + 8*r - 6. Let l be y(5). Let z = 19 - l. What is the tens digit of z?
1
Let z = -35 + 1. What is the tens digit of 1/((-1)/z) - 3?
3
Let m = 25 - 20. Suppose -2*c + 53 = m. What is the tens digit of c?
2
Let d(k) = 19*k + 26. Let p(i) = 9*i + 13. Let w(l) = 2*d(l) - 5*p(l). What is the tens digit of w(-6)?
2
Suppose q = -4*q - 165. Let z = -18 - q. What is the tens digit of z?
1
Let j(k) be the first derivative of k**4/12 + k**3/3 + k**2 + 2. Let o(c) be the second derivative of j(c). What is the units digit of o(3)?
8
Suppose r + 3*k - 23 = 0, 4*k = 4*r - 0*k - 140. Suppose l = -l - r. Let y = l - -22. What is the units digit of y?
6
Let a = -5 - -7. Suppose k + a*k = -42. What is the units digit of 2 + k/(-1) + 1?
7
Suppose -37 = -p + 5*s, 3*s - 65 = -5*p + 4*s. What is the units digit of p/(-42) - (-93)/7?
3
Let p = 19 + 7. What is the units digit of p?
6
Let j(f) be the third derivative of 5*f**4/24 + 5*f**3/2 - 9*f**2. What is the units digit of j(6)?
5
Let n(u) = -48*u**3 - u**2 + 1. What is the tens digit of n(-1)?
4
Suppose 3*s - 5*y - 6 = 23, s - 5*y = 23. What is the units digit of (21/(-4))/(s/(-8))?
4
Let j(r) = -2*r**3 - 8*r**2 + 3*r - 11. What is the tens digit of j(-6)?
1
Let z(o) = 3*o**2 + 18*o - 21. Let c(t) = t**2 + 6*t - 7. Let u(g) = 11*c(g) - 4*z(g). What is the tens digit of u(-5)?
1
Let u = -19 + 21. Suppose 5*c + 3*f = 7, u*f + 2*f + 10 = 3*c. What is the units digit of c?
2
Suppose 19 = -3*n + y, 4*y - 2 = -n - 4. What is the units digit of (-4)/n - (-91)/21?
5
Let w = 238 + -107. Suppose 3*y + r - w = 0, -75 = 5*y - 5*r - 280. What is the tens digit of y?
4
Let g = -52 + 80. Suppose 82 = 5*a - g. Let f = -11 + a. What is the units digit of f?
1
Let j(v) = -v**2 + 4*v + 8. Let n be j(5). Suppose -n*y + 32 + 25 = 0. What is the tens digit of y?
1
Let a = 30 - 28. What is the units digit of a?
2
Suppose -5*n - 25 = -2*b, 2*b = 3*n + b + 15. Let y = -1 - n. Suppose 5*q - q - y = 2*o, 5*o = 2*q + 14. What is the units digit of o?
4
Suppose -u + 86 = -p + 2*p, -5*u = 4*p - 430. What is the units digit of u?
6
Let s = -4 - -7. Let v(w) be the second derivative of w**4/12 - w**3/3 + 3*w**2/2 + 3*w. What is the units digit of v(s)?
6
Let q(c) = 3*c**3 + c**2 - 3*c - 1. Let n be q(-2). What is the tens digit of ((-50)/(-15))/((-2)/n)?
2
Let v(w) = 2*w**2 + 4*w + 2. Let n be v(-2). Suppose n*a = 74 - 26. What is the units digit of a?
4
Let i(f) = f**3 - 6*f**2 - 4*f - 13. What is the units digit of i(9)?
4
Suppose 4*p - 2*k = 29 - 3, -k + 41 = 4*p. What is the units digit of p?
9
Let a(k) = 5*k**3 + k**2 - 1. Let h be a(1). Suppose 0 = -h*y + 2*c + 12, -2*c = -y - 3*c + 8. What is the units digit of (-12)/2*y/(-6)?
4
Let d = -3 - -4. Let i(t) = 2*t**3 + t**2. Let j be i(d). Suppose -j*w = -5*w + 22. What is the units digit of w?
1
Suppose 4*j + z - 214 = 6*z, -212 = -4*j + 4*z. What is the units digit of j?
1
Let v(i) = -i**3 - 3*i**2 + 3*i. Let a be v(-4). Let s be 4/6 - a/(-3). Suppose -3*o + 20 = s*o. What is the units digit of o?
4
Let d(s) = s**3 + 7*s**2 + 5*s - 6. Let m be d(-6). Suppose m*c = 2*c - 16. What is the units digit of c?
8
Suppose 72 = -3*f + 7*f. Let r = 0 + f. What is the tens digit of r?
1
Suppose -3*j - 2*j + 205 = 0. What is the units digit of j?
1
Let p = 2 + 1. Suppose 0 = p*o - 11 - 10. Let k = o - 4. What is the units digit of k?
3
Let o(w) = 9*w - 2. Suppose 4 = 6*x - 5*x. What is the tens digit of o(x)?
3
Suppose -6*b = -5*b + 4*l + 4, 5*l = -5*b - 5. Suppose -o - 3*p + 3 = b, 2*o - 10 = -p - 4*p. What is the tens digit of o?
1
Let j(u) = -4*u**3 + u**2 + 2*u + 1. Let o = 0 + -1. Let l be 3/(-1) + (-2)/o. What is the units digit of j(l)?
4
Suppose -5*y = -2*y + 60. What is the units digit of (-16)/y*(-5)/(-2)?
2
Let v(h) = h + 2. Let k be v(0). Suppose 0 = -k*y - y + 42. What is the units digit of y?
4
Let t(x) = -x**3 - 4*x**2 - 4*x + 1. Let m be t(-3). Suppose 2*q + f - 19 = -0*q, -2*q - m*f + 4 = 0. What is the units digit of q?
2
Let x = 163 + -114. What is the units digit of x?
9
Let t(c) = 16*c + 7. Let r be t(5). Suppose -2*s + 54 = -4*x, r = s + 2*s - 4*x. What is the tens digit of s?
3
Suppose 5*o - 2*f - 100 = 0, -2*o + o + f = -17. What is the tens digit of o?
2
Let o(d) = 165*d - 1. Let v be o(1). Suppose -2*q + 72 = -m, -3*q - m - 61 = -v. Suppose w - 14 = a + 2*a, q = 3*w - 2*a. What is the tens digit of w?
1
Suppose p + 0*p = 3*c + 84, 0 = -c - 3. What is the units digit of p?
5
Let b(r) be the first derivative of 2*r**3 + r**2/2 + r + 4. Let i be b(2). Suppose 3*y = -4*c + i, -19 = -2*y - 4*c + c. What is the units digit of y?
5
Let b be (-2)/3 + 80/(-15). What is the tens digit of ((-4)/b)/(8/204)?
1
Let l(m) = -m**2 - 10*m - 5. Let o be l(-9). What is the units digit of (o/(-6))/(2/(-6))?
2
Suppose n - 126 = -0*n - 4*j, -5*n + 645 = 5*j. What is the hundreds digit of n?
1
Let h = 5 + 11. What is the tens digit of h?
1
Suppose -k + 3*k - 5*v - 209 = 0, -2*v = 4*k - 382. What is the tens digit of k?
9
Let x be (-5 - -2)/(-9)*15. Let q = x + -1. Suppose 2*j = 5*j + 5*v + 2, -v + 20 = q*j. What is the units digit of j?
6
Suppose 2 = -h + 5*u - 1, 2*u = 2*h - 2. Suppose 2*k = r + 3, k - 18 = -5*r - 0*r. Suppose -5*i - 10 = -k*o, 7*i = o + h*i. What is the units digit of o?
5
Suppose -12*i + 8*i + 224 = 0. What is the units digit of i?
6
Suppose 0*x - x = -80. What is the units digit of x?
0
Suppose 4*t - 4 = -0. Let i(n) be the second derivative of 2*n**4/3 - n**3/6 + n**2/2 + 9*n. What is the units digit of i(t)?
8
What is the units digit of 3/6*(-5 + 67)?
1
Suppose 2*z - 876 = -4*f, 3*f + 9*z - 6*z - 663 = 0. What is the tens digit of f?
1
Let m = -16 - -25. What is the units digit of m?
9
Suppose 5*s = 5, -387 = -5*v - s + 499. What is the units digit of v?
7
Suppose -8*g = 110 - 430. What is the units digit of g?
0
Let n(h) be the third derivative of h**5/60 - 3*h**4/8 - 3*h**3/2 - 2*h**2. What is the tens digit of n(11)?
1
Let s be (4*1)/((-3)/(-6)). Let k = 13 - s. Suppose -4*m - 3*i + 50 = 0, k*i + 0 - 18 = -2*m. What is the tens digit of m?
1
Suppose 0 = -6*i - 4 + 28. Let z = 5 - 3. Suppose i*a - 45 = -z*t - 3*t, -10 = -5*a + 3*t. What is the units digit of a?
5
Let a(c) = c**3 - 3*c**2 + 10*c - 6. What is the tens digit of a(7)?
6
What is the tens digit of -2 + 5 - -29 - 0?
3
Let w = 17 - -2. Suppose 0 = -5*r + c - 12 + 118, -r = 2*c - w. What is the tens digit of r?
2
Let d(y) = -10*y**3 - 2*y**2 - y. Let b be d(-1). Let v(s) = s**2 - 8*s - 11. Let f be v(b). What is the units digit of f/5*(-23 + -7)?
2
What is the units digit of 0 - (-47 + 0 + -5)?
2
Suppose -v + 3*v - 34 = 0. Let j = v - 12. Suppose -o - 4 = -j. What is the units digit of o?
1
Suppose -53*w - 42 = -55*w. What is the units digit of w?
1
Let z(x) = -x**2 - 2*x + 3. Let g = 4 - 7. Let i be z(g). Suppose -4*w + 7*w - 42 = i. What is the units digit of w?
4
What is the units digit of 8*4/(2 - -6)?
4
Suppose -2*z = -z - 8. What is the units digit of z?
8
What is the units digit of (98 + 13)/(0 - (0 - 1))?
1
Suppose -9 = -3*a, 5*x - 4*a + 57 = 195. L